the thousands digit of ((-222)/592)/(2/(-68240))?
2
Let c = -29232 - -50432. What is the hundreds digit of c?
2
Let p be -12*(-7)/56 + (-142)/(-4). Suppose 2*u = 5*q + 173 + p, -4*u = -3*q - 434. What is the hundreds digit of u?
1
Let p = -14 + 9. What is the units digit of 5544/30 - 1/p?
5
Let k = -7 - 25. Let d = -28 - k. Suppose -294 = -5*l - 3*y - 0*y, 231 = d*l + y. What is the units digit of l?
7
What is the ten thousands digit of (-11)/(187/(-596768)) + 18?
3
What is the tens digit of 0 + -4 + (5620 - (-720)/(-24))?
8
Let m(k) = k + 1. Let l be m(4). Suppose 0 = -3*y - 2*t - 0*t - 6, -l*y - 11 = 3*t. Let v(o) = -39*o + 4. What is the tens digit of v(y)?
6
Let b(m) = m**2 + 3*m + 1. Let q(z) = z**3 - 8*z**2 + 9*z - 4. Let u be q(7). Suppose -11*r + 4 = -u*r. What is the units digit of b(r)?
9
What is the tens digit of 13147*1 + 541 + -551?
3
Let z(n) = -7*n**3 - n**2 + n. Let m be z(-1). Suppose 5*h = 3*w - 253, h - 172 = -2*w + m*h. What is the tens digit of w?
7
Suppose 4*v + 5*s = 0, 2*v - 11 = 4*s + 15. Let a(m) = 1 - 7 - v*m + 5 - 2 + 2*m**2. What is the units digit of a(-4)?
9
Let r = 12243 - -6468. What is the thousands digit of r?
8
Let h(t) = -41*t - 229. Let y be h(-10). Suppose 0 = -185*r + y*r + 3460. What is the tens digit of r?
6
Let t(g) = -172*g**3 + g**2 + g + 6. Let y be t(-2). Suppose 7*r + y = 8*r - 5*d, -4*d = -4*r + 5520. What is the units digit of r?
9
Let u = 153 - 147. Suppose u*b + 407 = 1307. What is the hundreds digit of b?
1
Suppose -4*b - 4*m - 2754 + 9414 = 0, -8 = 2*m. Suppose -2*k - 4*p + 5*p = -1111, p = 3*k - b. What is the hundreds digit of k?
5
Let b(c) = c**3 - 3*c**2 + 3*c - 3. Let h be b(4). Let d = -218 - -283. Let l = d - h. What is the units digit of l?
0
Let q(b) be the third derivative of b**4/3 + b**3 + b**2. Suppose 160 + 532 = 96*i - 268. What is the tens digit of q(i)?
8
Suppose 113*h - 924154 = 36*h. What is the thousands digit of h?
2
Suppose -5*a - 36518 = -4*z, 0 = -16*z + 19*z + 2*a - 27423. What is the hundreds digit of z?
1
Let h be -1 - (376/7 + (-4)/(-14)). Let y = -7 - h. Suppose 436 = 4*x - 5*m, x - 61 = m + y. What is the tens digit of x?
0
Suppose z = 5*n + 1209, -z + n + 1280 = 83. What is the units digit of z?
4
Suppose -30 + 550 = -10*u. Suppose 0 = 3*g - 4*c - 224 - 50, 0 = -2*g + 3*c + 182. Let t = u + g. What is the tens digit of t?
4
Let q = 11298 - 11018. What is the hundreds digit of q?
2
Suppose -23*u = 5*z - 24*u - 31727, z - 2*u - 6340 = 0. What is the units digit of z?
6
Let i(f) = 10*f + 108. Let x(d) = -10*d - 138. Let w(j) = 4*i(j) + 3*x(j). Let v(n) = -n**2 + 7*n - 3. Let q be v(5). What is the tens digit of w(q)?
8
Suppose 5*f + 522 - 2942 = 0. Suppose 21*y = 32*y - f. What is the units digit of y?
4
Let a(r) = -r**3 + 32*r**2 - 38*r - 75. What is the units digit of a(17)?
4
Suppose 188*a = -2*l + 189*a + 5, 0 = -l + 3*a. What is the units digit of l?
3
Suppose 0*l - 2*l + 5*i - 5786 = 0, 2*l + 4*i + 5750 = 0. Let a = l - -4269. Suppose -6*z - a = -13*z. What is the hundreds digit of z?
1
Let h = -36 + 10. Let q = 30 + h. Suppose 5*u + 363 = 3*d, d = -2*d - q*u + 390. What is the tens digit of d?
2
Let t(k) = 28*k**3 + 3*k**2 - 2*k. Suppose -2*n - 65 - 151 = 0. Let w = 110 + n. What is the units digit of t(w)?
2
Suppose 414*y = 385*y + 136619. What is the tens digit of y?
1
Let n be (-1)/(-4) - 1622/(-8). Let u be 116 - (-21)/(14 + -11). Let v = n - u. What is the units digit of v?
0
Suppose -2*i - 1034 = 2*m, -2*i + 25 = 4*m + 1057. Let b = i + 1059. What is the units digit of b?
1
Suppose -t - 75*n + 87*n + 61229 = 0, -3*n = -5*t + 305746. What is the units digit of t?
5
Let m = -22039 + 38066. What is the thousands digit of m?
6
Let m(f) = 135*f + 311. Let b be m(8). Let x = b - 436. What is the hundreds digit of x?
9
Let f(r) = 13*r**2 + 2*r. Let x be f(1). Let k be x/(-3)*(-4)/5. Suppose -5*h + 4*u + k = -0*u, 4*h + 2*u = 24. What is the units digit of h?
4
Suppose -4*g + 12 - 32 = 0, d = 2*g + 11. Suppose 0 = m + 9 - d. Let n(v) = -6*v - 15. What is the units digit of n(m)?
3
Suppose 0 = -3*l + 308 - 1127. Let u be 4/((-16)/(-54))*(8 - (-2 - -46)). Let y = l - u. What is the hundreds digit of y?
2
Suppose -3*p - 10 = -8*p. Suppose -2*m + 303 = 5*g + m, p*m = g - 58. Suppose 117 = 2*l - 0*z - z, 0 = -l + 2*z + g. What is the units digit of l?
8
Suppose -3*c + 39 - 6 = 0. Let l be -2 + c/((-33)/(-156)). Let p = 6 + l. What is the tens digit of p?
5
Let s = 612 - 291. Let w = 680 - s. What is the hundreds digit of w?
3
Let s(z) = -65*z - 163. Suppose -4*o = -5*o + 2, -o = -x - 8. What is the units digit of s(x)?
7
Let k = 3894 - 2293. Let n = 3293 - k. What is the tens digit of n?
9
Let x = 6373 + 2115. What is the tens digit of x?
8
Let w(c) = -2*c**3 + 59*c**2 + 23*c + 177. Let a(l) = -l**3 + 28*l**2 + 11*l + 89. Let n(b) = -5*a(b) + 2*w(b). What is the tens digit of n(25)?
5
Let u(n) = 2*n**2 - 7*n - 4. Let g be u(5). Suppose -111 + g = -f. Suppose f = c + 3*c. What is the tens digit of c?
2
Let f = 792 + 56293. What is the tens digit of f?
8
Suppose 3*v + 20*v - 345 = 0. What is the units digit of 5790/v + (-2 - 1) + -2?
1
Let f(c) = 5*c**2 - 9*c + 1. Let r be f(11). Let h be r*(4 + 33/(-9)). Suppose 3*i - 4*o - 202 = 0, h - 33 = 2*i - 4*o. What is the units digit of i?
6
Let s = 35177 - 18250. What is the tens digit of s?
2
Let y(d) be the third derivative of d**6/120 + d**5/3 + 11*d**4/8 + 17*d**3/3 - 40*d**2 - d. What is the units digit of y(-15)?
4
Let i be 1132/36 - 8/18. Suppose 37*x - 396 = i*x. Suppose r - 4 = -5*j + x, -2*r + 140 = -5*j. What is the tens digit of r?
7
Let n(y) = 30*y - 122. Let h be n(4). Let j(v) = -246*v - 33. What is the units digit of j(h)?
9
Suppose 0 = -5*m - 5*c + 9 - 74, -5*m = -c + 59. Let h be -74*1/(-4) + m/24. What is the tens digit of 507/18 - (75/h - 4)?
2
Suppose 0 = 6*o + 319 - 3799. Let k = o + -106. What is the hundreds digit of k?
4
Suppose -17*q - 5*v = -13*q - 103406, -103358 = -4*q + 3*v. What is the hundreds digit of q?
8
Let l = -30 + 24. Let i be 8/(-6) + l/9 - -122. Suppose m + i = 6*m. What is the tens digit of m?
2
Suppose 0 = 6*g - 2*g. Suppose -h - 4*s = 2*h - 45, 3*h + 3*s - 45 = g. Suppose 237 = 3*b - h. What is the tens digit of b?
8
Let g = -150 + 139. What is the units digit of 1883/(-35)*(g + 1)?
8
Let o = 63 + -93. Let u(y) = -2*y - 14. Let l be u(-8). What is the tens digit of o*l*(1 - (-18)/(-8))?
7
Let p be -7 - (-2 + (0/2 - 2)). Let r(c) = -55*c + 39. What is the hundreds digit of r(p)?
2
Let r(s) = -795*s + 113. What is the units digit of r(-24)?
3
Let o be -5 + (-201)/(-39) + 89/13. Suppose 0 = o*d + 14. What is the units digit of 2*((-49)/d + -4)?
1
Suppose 0 = 21*p + 6680 + 2602. What is the units digit of (p + 3)/(2/(-2))?
9
Let j(o) = o**2 - 10*o + 57. Let n be j(13). Suppose 3*w + 3*f - n = 0, -2*w = w + 5*f - 106. Let q = 72 + w. What is the units digit of q?
9
Let b(o) = -12*o - 203. Let c be b(-31). Suppose c*n - 2088 = 165*n. What is the hundreds digit of n?
5
Suppose 9*g = 50*g + 15374 - 193191. What is the tens digit of g?
3
Let q(c) = c**3 - 17*c**2 + 25*c - 27. Let b be q(16). Let y = b + -116. What is the hundreds digit of ((y/1)/1)/(36/4572)?
1
Suppose 5*z + 30 = -245. Let l = 58 + z. Suppose -2*i - 2*t + 100 = 0, -i - t = l*t - 59. What is the units digit of i?
7
Suppose q = 12*q - 1276. Let m = q - 80. What is the tens digit of 3570/m + (-3)/18?
9
Let o = 4593 + -2400. Suppose -l - 5 = 0, -o = -13*i + 9*i + l. What is the tens digit of i?
4
Let o be 15*348/27*36/15. Suppose -3*f - f = -o. What is the units digit of f?
6
Let p be 59/5 - (-27)/135. Suppose 38*k - p*k = 25662. What is the units digit of k?
7
Let r = -67 - -130. Let l = r - -27. Suppose l = -3*f + 9*f. What is the units digit of f?
5
Suppose 0 = -2*k - 2*v + 234, 0 = 6*k - 3*k - v - 335. What is the tens digit of k?
1
Let z = 131 - 88. Let r(i) = 11*i + 22. Let a be r(-2). Suppose a*w + z = w. What is the tens digit of w?
4
Let p(q) = 17*q - 4. Let k(r) = 8*r - 2. Let d = 14 + -8. Let t(m) = d*p(m) - 13*k(m). What is the units digit of t(-6)?
4
Suppose 4 = 11*l - 51. Suppose z - 923 = -3*a, 4066 = l*z - 4*a - 454. What is the units digit of z?
8
Suppose -5*l - 2*h = -3*h + 135, l - 3*h + 13 = 0. Let 